 + 24. What is the units digit of z(i)?
5
Let p(b) = -b**2 - 8*b + 13. Let h be p(2). Suppose 0*n + 5*n = 0. Let v = n - h. What is the units digit of v?
7
Suppose -6*j = -51 + 3. Suppose 5*k - 4*p = 1441, j*k - 1144 = 4*k + p. What is the units digit of (-2)/5 - k/(-25)?
1
Let c(m) = 32*m - 98. What is the hundreds digit of c(23)?
6
Let k(x) = -3*x + 15. Let f(l) = 1. Let h(c) = 6*f(c) - k(c). What is the tens digit of h(12)?
2
Let q(r) = r**3 + 18*r**2 - 18*r - 50. What is the units digit of q(-15)?
5
Suppose -5*b + 41 = 3*a, 0 = -2*a - 6*b + 4*b + 30. Let z = a + -14. Suppose 100 = z*y + 4. What is the units digit of y?
2
Let j be 18*(11/2 + -5). Suppose -2*l + 40 = 2*l. Suppose 9*p + j = l*p. What is the units digit of p?
9
What is the tens digit of 1800/28*(-56)/(-12)?
0
Let n(w) be the third derivative of -w**6/120 - w**5/60 - w**4/24 + 7*w**3/3 + 2*w**2. What is the units digit of n(0)?
4
Let p(w) = 13*w**2 - 7*w + 125. What is the hundreds digit of p(13)?
2
Suppose -63 = 5*d - 4*d. Suppose 342 = -8*x + 5*x. Let s = d - x. What is the units digit of s?
1
Suppose 34*b - 14*b = 64720. What is the hundreds digit of b?
2
Suppose 6*l - 1152 = 2010. What is the hundreds digit of l?
5
Let q be 2/1 + 0 + -2. Suppose -3*p - 5*a = 18, 2*p - 3*a - 7 = -q. Let s = p + 11. What is the units digit of s?
0
Let a be -27 + (3 + -8 - -1). Let y = a - -47. What is the units digit of y?
6
What is the tens digit of (56/5)/(3 + (-352)/120)?
6
Suppose -5*z + 6 + 9 = -5*l, -4*z = -2*l - 10. Suppose 0 = 4*w - z*p + 32, 2*w - p - 5 = 3*w. Let y(m) = m**3 + 8*m**2 - m + 2. What is the units digit of y(w)?
8
Let a be 45/60*(1 - -3). Suppose 264 = j + a*j. What is the tens digit of j?
6
Let x(f) = 2*f**3 - 30*f**2 - 17*f + 17. Let k be x(16). Suppose 0 = 5*n - 403 - k. What is the units digit of n?
2
Let k(o) = 4*o**2 - 14*o - 15. Let f(p) = -5*p**2 + 13*p + 15. Let l be (15/10)/((-1)/2). Let v(t) = l*f(t) - 4*k(t). What is the tens digit of v(17)?
1
Let i(z) be the second derivative of z**4/12 + z**3/2 + 7*z**2/2 - 4*z - 7. Suppose 0 = k + 6 - 1. What is the units digit of i(k)?
7
What is the hundreds digit of (-410)/60 - (-3)/(-18) - -4137?
1
Let w = 561 - -293. What is the tens digit of w?
5
Suppose 8*g = 18*g - 2240. Suppose -2*m = -5*h - 262, 5*m - 879 = -2*h - g. What is the hundreds digit of m?
1
Suppose 2*d - 22 = -0*d. Let n = d + -8. Suppose j = -0*j - l + 39, -n*j + 3*l + 99 = 0. What is the tens digit of j?
3
Suppose -94*b - 36*b + 291330 = 0. What is the hundreds digit of b?
2
Let b be 2 + (2016/4)/3. Let k = 258 - b. What is the units digit of k?
8
Suppose -19*y + 22*y + 812 = 5*x, 3*x - 491 = -2*y. What is the hundreds digit of x?
1
Suppose -5*w + s + 35 = 0, 4*s + 3 + 4 = w. Let b(j) = -j**3 + 6*j**2 + 6*j + 10. Let q be b(w). What is the units digit of (13 - -1) + -3 + q?
4
What is the tens digit of 74/(-851) - (42851/23)/(-1)?
6
Let b(l) = l**3 + 2*l**2 - 3*l + 2. Let x be b(-3). Suppose x*k - 3*k + 6 = 0. Let w(c) = -c**2 + 8*c + 5. What is the units digit of w(k)?
7
Let q(j) = 1519*j**2 - 3*j - 2. What is the hundreds digit of q(-1)?
5
Let m(v) = -v - 4. Let k(r) = 6*r + 27. Let j(i) = 2*k(i) + 15*m(i). Let b be j(-6). Suppose 3*c - 69 = b. What is the tens digit of c?
2
Let f be (-4)/(-6) - (-25)/3. Suppose 3*d = 4*c - 3, 5*d = 5*c + 3*d - f. Suppose -c*h + 3 = -6, -2*h - 14 = -2*v. What is the tens digit of v?
1
Suppose 3*j = h - 490, -5*j - 2450 = -5*h - j. What is the tens digit of h?
9
What is the tens digit of 126/(-12)*-52 + 0?
4
Let v(x) = 331*x + 158. What is the thousands digit of v(4)?
1
Suppose 55902 = 196*d - 185*d. What is the hundreds digit of d?
0
Let g = -145 - -149. Suppose 99 = 4*p + w - 56, p = -g*w + 35. What is the units digit of p?
9
Suppose 0 = m - d + 4*d + 30, m - 3*d = 0. Let z = m + 20. What is the units digit of z?
5
Let u = 2146 + -2125. What is the tens digit of u?
2
Let v = 32 - 30. Suppose 227 = 5*r + 3*a, v*r - 47 = 3*a + 27. What is the units digit of r?
3
Let o = -64 + 69. Let k(s) = -3*s**3 - 2*s**2 - 2*s - 1. Let l be k(-5). Suppose o*a = -124 + l. What is the units digit of a?
2
Let u = 359 - 221. What is the hundreds digit of u?
1
Let w(u) = -6*u**3 + 7*u**2 + 14*u - 3. Let q(j) = -5*j**3 + 7*j**2 + 14*j - 2. Let p(c) = -5*q(c) + 4*w(c). What is the hundreds digit of p(10)?
1
Let u(w) be the third derivative of 7*w**5/60 + w**3/3 - w**2. What is the tens digit of u(3)?
6
What is the units digit of 2/3*-3 - -214?
2
Let o(b) = -b**2 + 56*b - 27. What is the tens digit of o(42)?
6
Let l(j) = 2*j**2 - 3*j. Let u(h) = h**2 - h - 3. Let v be (2 + -1)*(3 - 5). Let r be u(v). What is the units digit of l(r)?
9
Let h(t) = -5*t**2 + t + 32. Let r be h(-4). Let l be 3*-5*10/6. Let w = l - r. What is the tens digit of w?
2
Let x = -2 - -7. Suppose -3*h - 6*h = -27. Suppose -20 = -x*y + h*y. What is the tens digit of y?
1
Suppose d = 5, -132 = -2*m - d + 343. What is the hundreds digit of m?
2
Suppose 16373 + 1268 = 23*v. What is the hundreds digit of v?
7
Let i(z) = -z**3 + 4*z**2 - 2*z + 1. Let c be i(3). Suppose c*x = -x + 120. What is the tens digit of x?
2
Let c = 0 - 0. Suppose c = -v + 3, 5*l + 4*v = 3*l + 70. What is the units digit of l?
9
Suppose 2*a - 14 + 229 = 5*g, -2*a = -10. Let i = 97 - g. What is the tens digit of i?
5
Suppose -3*p + 0 - 3 = 0. What is the tens digit of p - (0 + 2)*-53?
0
Let o be -5*3/(-15) - 1. Suppose o = p + 4*z, -3*z = -p - 4*z. Let c(g) = -g**2 + g + 32. What is the tens digit of c(p)?
3
Suppose 0 = 4*d + u - 1904 + 133, -3*d + 1325 = 4*u. What is the tens digit of d?
4
Suppose -3*a = -12, -3*p - 3*a = -a - 89. Let u = 47 - p. What is the tens digit of u?
2
Let i(p) = 16*p**2 - 32*p - 32. What is the tens digit of i(9)?
7
Let v(n) = n**3 + 32*n**2 + 60*n - 5. What is the units digit of v(-29)?
8
Let p(r) = -12*r - 34. Let w be p(-20). Suppose 30 = -4*z + w. What is the units digit of z?
4
Let c = -110 - -38. Let b = c - -137. What is the tens digit of b?
6
Suppose 0 = 5*r - 10, 0 = 2*n + 3*r - 12 + 2. Let g(i) = -15*i**3 + 5*i**2 - 5*i**n - 1 + i**2. What is the units digit of g(-1)?
5
Let b be (-4)/(-12) + (-16)/(-6) + -71. Let x = b - -136. What is the units digit of x?
8
Suppose 0*l - 5*l = -20. Suppose -l*h = 3*t - 401, -2*h - 4*t + 198 = -2*t. Suppose -4*z + 6*z = 4*y - h, 4*y + 4*z = 104. What is the tens digit of y?
2
Suppose -2*z = 3*m - 20, z - 9 = 3*m - 4*m. Let l(h) = 14*h - 19. What is the units digit of l(z)?
9
Let g(h) = h**2 - 43*h + 349. What is the tens digit of g(43)?
4
Suppose 0*b - b = -2*i - 10, -18 = -b + 4*i. Suppose 0 = a + b*a. Suppose -2*g = -a*g - 52. What is the units digit of g?
6
Suppose g = 4, -3*l + 3*g = -5*l + 156. Let o = l - 19. What is the tens digit of o?
5
Suppose 2538 = -12*i + 30*i. Let r = i + -139. What is the units digit of r?
2
Suppose -13 = -6*c + 11. Let s(l) = 3*l**2 - 11. What is the tens digit of s(c)?
3
Suppose -5*n = -5*i - 40, i - 1 = 1. Let d = n + -8. Suppose -2*t = d*t - 96. What is the units digit of t?
4
Let j(t) = -t**2 - 20*t - 12. Let h be j(-19). Suppose 14 = h*f - 9*f. What is the tens digit of 76 + 0 + 28/f?
7
Suppose 0 = 2*s + 5*h - 255, 6*s = -5*h + 2*h + 705. What is the tens digit of s?
1
Suppose 11*j = -13*j + 72. Let n(z) = 4*z - 4*z + 9*z + 1. What is the tens digit of n(j)?
2
Let z(u) = -2*u**3 + 8*u**2 - 9*u - 4. Let b be z(4). Let q = 75 + b. What is the units digit of q?
5
Let g(o) = 7. Let v(z) = -z - 8. Let m(u) = 3*g(u) + 2*v(u). What is the tens digit of m(-12)?
2
Let c = -113 - -117. Suppose 0 = -4*l + 2*t + 314, -3*l + 5*t = c*t - 237. What is the tens digit of l?
8
Let z(q) = 24*q - 16. Let p(t) = -8*t + 5. Let l(x) = 11*p(x) + 4*z(x). What is the tens digit of l(10)?
7
What is the tens digit of 3/((6/262)/3)?
9
Let u(o) = o**2 - 12*o + 36. Let v be u(7). Suppose -4*r = -2*n + 50, v = 2*r - 5. What is the units digit of n?
1
Suppose -j = -4*c + 5, c - 2*j + 6*j = 14. Suppose -88 = -l + c. What is the tens digit of l?
9
What is the tens digit of (112/8)/(12/804)?
3
Let i = -4 - -16. Let n be i/(-8) - 27/(-6). Suppose r - 3 = 4*r, 63 = n*u + 3*r. What is the units digit of u?
2
Let l(m) = -1323*m - 9. What is the thousands digit of l(-1)?
1
Suppose -50026 = -51*t + 5666. What is the hundreds digi